{"id":401,"date":"2021-03-17T22:05:51","date_gmt":"2021-03-17T21:05:51","guid":{"rendered":"http:\/\/nataliasalvador.es\/?p=401"},"modified":"2022-12-16T18:35:03","modified_gmt":"2022-12-16T17:35:03","slug":"the-novice-ghost","status":"publish","type":"jetpack-portfolio","link":"https:\/\/nataliasalvador.es\/es\/portfolio\/the-novice-ghost\/","title":{"rendered":"El fantasma novato"},"content":{"rendered":"<figure class=\"wp-block-image aligncenter size-large\"><a href=\"http:\/\/nataliasalvador.es\/wp-content\/uploads\/natalia-salvador-fantasma-novato.jpg\"><img loading=\"lazy\" decoding=\"async\" width=\"683\" height=\"1024\" src=\"http:\/\/nataliasalvador.es\/wp-content\/uploads\/natalia-salvador-fantasma-novato-683x1024.jpg\" alt=\"\" class=\"wp-image-422\" srcset=\"https:\/\/nataliasalvador.es\/wp-content\/uploads\/natalia-salvador-fantasma-novato-683x1024.jpg 683w, https:\/\/nataliasalvador.es\/wp-content\/uploads\/natalia-salvador-fantasma-novato-600x900.jpg 600w, https:\/\/nataliasalvador.es\/wp-content\/uploads\/natalia-salvador-fantasma-novato-200x300.jpg 200w, https:\/\/nataliasalvador.es\/wp-content\/uploads\/natalia-salvador-fantasma-novato-100x150.jpg 100w, https:\/\/nataliasalvador.es\/wp-content\/uploads\/natalia-salvador-fantasma-novato-768x1152.jpg 768w, https:\/\/nataliasalvador.es\/wp-content\/uploads\/natalia-salvador-fantasma-novato-8x12.jpg 8w, https:\/\/nataliasalvador.es\/wp-content\/uploads\/natalia-salvador-fantasma-novato.jpg 1000w\" sizes=\"auto, (max-width: 683px) 100vw, 683px\" \/><\/a><\/figure>\n\n\n\n<p>Esta es mi propia versi\u00f3n para la portada del libro titulado \"El fantasma novato\", de Manuel L. Alonso, publicado por Edelvives en su colecci\u00f3n Ala Delta. Era uno de mis libros infantiles favoritos cuando era peque\u00f1a y crear mi propia versi\u00f3n me pareci\u00f3 una idea fascinante.<\/p>\n\n\n\n<p>Tambi\u00e9n hice algunas ilustraciones interiores en blanco y negro para este proyecto:<\/p>\n\n\n\n<div class=\"wp-block-media-text alignwide has-media-on-the-right is-stacked-on-mobile is-vertically-aligned-center has-quaternary-background-color has-background\"><div class=\"wp-block-media-text__content\">\n<div class=\"wp-block-group is-layout-flow wp-block-group-is-layout-flow\" style=\"padding-top:2em;padding-right:2em;padding-bottom:2em;padding-left:2em\">\n<p style=\"line-height:1.2\"><strong>\u2014 (...) \u00a1Un momento! All\u00ed, en aquella pared \u2014 Se\u00f1al\u00f3 hacia el rinc\u00f3n m\u00e1s oscuro, en el que Gerardo no pod\u00eda distinguir nada, y los dos se aproximaron intentando no interceptar la luz.\u201d<\/strong><\/p>\n\n\n\n<p class=\"has-small-font-size\">\u2013 <em>\u201cEl fantasma novato\u201d<\/em>, Manuel L. Alonso<\/p>\n<\/div>\n<\/div><figure class=\"wp-block-media-text__media\"><img loading=\"lazy\" decoding=\"async\" width=\"683\" height=\"1024\" src=\"http:\/\/nataliasalvador.es\/wp-content\/uploads\/natalia-salvador-neus-on-the-wall-683x1024.jpg\" alt=\"Two characters look at the word \u201cNeus\u201d written on the wall of a room in ruins\" class=\"wp-image-424 size-full\" srcset=\"https:\/\/nataliasalvador.es\/wp-content\/uploads\/natalia-salvador-neus-on-the-wall-683x1024.jpg 683w, https:\/\/nataliasalvador.es\/wp-content\/uploads\/natalia-salvador-neus-on-the-wall-600x900.jpg 600w, https:\/\/nataliasalvador.es\/wp-content\/uploads\/natalia-salvador-neus-on-the-wall-200x300.jpg 200w, https:\/\/nataliasalvador.es\/wp-content\/uploads\/natalia-salvador-neus-on-the-wall-100x150.jpg 100w, https:\/\/nataliasalvador.es\/wp-content\/uploads\/natalia-salvador-neus-on-the-wall-768x1152.jpg 768w, https:\/\/nataliasalvador.es\/wp-content\/uploads\/natalia-salvador-neus-on-the-wall-8x12.jpg 8w, https:\/\/nataliasalvador.es\/wp-content\/uploads\/natalia-salvador-neus-on-the-wall.jpg 1000w\" sizes=\"auto, (max-width: 683px) 100vw, 683px\" \/><\/figure><\/div>\n\n\n\n<div class=\"wp-block-media-text alignwide is-stacked-on-mobile is-vertically-aligned-center has-tertiary-background-color has-background\"><figure class=\"wp-block-media-text__media\"><img loading=\"lazy\" decoding=\"async\" width=\"683\" height=\"1024\" src=\"http:\/\/nataliasalvador.es\/wp-content\/uploads\/natalia-salvador-kiss-final-lineart-web-683x1024.jpg\" alt=\"Two children kissing by accident with their ghost friend behind\" class=\"wp-image-426 size-full\" srcset=\"https:\/\/nataliasalvador.es\/wp-content\/uploads\/natalia-salvador-kiss-final-lineart-web-683x1024.jpg 683w, https:\/\/nataliasalvador.es\/wp-content\/uploads\/natalia-salvador-kiss-final-lineart-web-600x900.jpg 600w, https:\/\/nataliasalvador.es\/wp-content\/uploads\/natalia-salvador-kiss-final-lineart-web-200x300.jpg 200w, https:\/\/nataliasalvador.es\/wp-content\/uploads\/natalia-salvador-kiss-final-lineart-web-100x150.jpg 100w, https:\/\/nataliasalvador.es\/wp-content\/uploads\/natalia-salvador-kiss-final-lineart-web-768x1152.jpg 768w, https:\/\/nataliasalvador.es\/wp-content\/uploads\/natalia-salvador-kiss-final-lineart-web-8x12.jpg 8w, https:\/\/nataliasalvador.es\/wp-content\/uploads\/natalia-salvador-kiss-final-lineart-web.jpg 1000w\" sizes=\"auto, (max-width: 683px) 100vw, 683px\" \/><\/figure><div class=\"wp-block-media-text__content\">\n<div class=\"wp-block-group is-layout-flow wp-block-group-is-layout-flow\" style=\"padding-top:2em;padding-right:2em;padding-bottom:2em;padding-left:2em\">\n<p class=\"translation-block\">\u2014 (...) Vamos, un beso peque\u00f1ito en la mejilla.<br \/>\nLos dos amigos se dispusieron a cumplir el deseo de Gerardo. Y en el momento en que se aproximaron a \u00e9l, se esfum\u00f3. Ellos no pod\u00edan saberlo, y los labios de ambos se encontraron con el vac\u00edo. Gerardo s\u00f3lo tuvo que darles un peque\u00f1\u00edsimo empujoncito.<\/p>\n\n\n\n<p class=\"has-small-font-size\">\u2013 <em>\u201cEl fantasma novato\u201d<\/em>, Manuel L. Alonso<\/p>\n<\/div>\n<\/div><\/div>\n\n\n\n<div class=\"wp-block-media-text alignwide has-media-on-the-right is-stacked-on-mobile is-vertically-aligned-center has-quaternary-background-color has-background\"><div class=\"wp-block-media-text__content\">\n<div class=\"wp-block-group is-layout-flow wp-block-group-is-layout-flow\" style=\"padding-top:2em;padding-right:2em;padding-bottom:2em;padding-left:2em\">\n<p style=\"line-height:1.5\"><strong>Todo sucedi\u00f3 demasiado r\u00e1pido. Nieves lleg\u00f3 a la altura del escondite del hombre, \u00e9l se incorpor\u00f3 de pronto, ella quiso frenar a la vez que giraba el manillar para dar la vuelta... y todo lo que consigui\u00f3 fue caer a tierra.<\/strong><\/p>\n\n\n\n<p class=\"has-small-font-size\">\u2013 <em>\u201cEl fantasma novato\u201d<\/em>, Manuel L. Alonso<\/p>\n<\/div>\n<\/div><figure class=\"wp-block-media-text__media\"><img loading=\"lazy\" decoding=\"async\" width=\"683\" height=\"1024\" src=\"http:\/\/nataliasalvador.es\/wp-content\/uploads\/natalia-salvador-bike-683x1024.jpg\" alt=\"A girl who\u2019s fallen from her bike looks scared at someone while her friend on the background looks worried\" class=\"wp-image-418 size-full\" srcset=\"https:\/\/nataliasalvador.es\/wp-content\/uploads\/natalia-salvador-bike-683x1024.jpg 683w, https:\/\/nataliasalvador.es\/wp-content\/uploads\/natalia-salvador-bike-600x900.jpg 600w, https:\/\/nataliasalvador.es\/wp-content\/uploads\/natalia-salvador-bike-200x300.jpg 200w, https:\/\/nataliasalvador.es\/wp-content\/uploads\/natalia-salvador-bike-100x150.jpg 100w, https:\/\/nataliasalvador.es\/wp-content\/uploads\/natalia-salvador-bike-768x1152.jpg 768w, https:\/\/nataliasalvador.es\/wp-content\/uploads\/natalia-salvador-bike-8x12.jpg 8w, https:\/\/nataliasalvador.es\/wp-content\/uploads\/natalia-salvador-bike.jpg 1000w\" sizes=\"auto, (max-width: 683px) 100vw, 683px\" \/><\/figure><\/div>\n\n\n\n<figure class=\"wp-block-gallery alignwide has-nested-images columns-default is-cropped wp-block-gallery-1 is-layout-flex wp-block-gallery-is-layout-flex\">\n<figure class=\"wp-block-image size-large\"><img decoding=\"async\" data-id=\"1329\" src=\"http:\/\/nataliasalvador.es\/wp-content\/uploads\/natalia-salvador-fantasma-novato-book-mockup.jpg\" alt=\"\" class=\"wp-image-1329\"\/><\/figure>\n\n\n\n<figure class=\"wp-block-image size-large\"><img decoding=\"async\" data-id=\"1330\" src=\"http:\/\/nataliasalvador.es\/wp-content\/uploads\/natalia-salvador-fantasma-beso-interior-mockup.jpg\" alt=\"\" class=\"wp-image-1330\"\/><\/figure>\n<\/figure>","protected":false},"excerpt":{"rendered":"<p>This is my own version of a cover for the book titled &#8220;El fantasma novato&#8221; by Manuel L. Alonso, published by Edelvives in their Ala Delta collection. It was one of my favourite children&#8217;s books when I was a kid and creating my own version was a fascinating idea. I also created several interior black [&hellip;]<\/p>\n","protected":false},"author":1,"featured_media":422,"comment_status":"closed","ping_status":"closed","template":"template-full-width.php","format":"image","meta":{"pgc_sgb_lightbox_settings":"","footnotes":""},"jetpack-portfolio-type":[184],"jetpack-portfolio-tag":[],"class_list":["post-401","jetpack-portfolio","type-jetpack-portfolio","status-publish","format-image","has-post-thumbnail","hentry","post_format-post-format-image","jetpack-portfolio-type-more-projects-illustrations"],"jetpack_sharing_enabled":true,"_links":{"self":[{"href":"https:\/\/nataliasalvador.es\/es\/wp-json\/wp\/v2\/jetpack-portfolio\/401","targetHints":{"allow":["GET"]}}],"collection":[{"href":"https:\/\/nataliasalvador.es\/es\/wp-json\/wp\/v2\/jetpack-portfolio"}],"about":[{"href":"https:\/\/nataliasalvador.es\/es\/wp-json\/wp\/v2\/types\/jetpack-portfolio"}],"author":[{"embeddable":true,"href":"https:\/\/nataliasalvador.es\/es\/wp-json\/wp\/v2\/users\/1"}],"replies":[{"embeddable":true,"href":"https:\/\/nataliasalvador.es\/es\/wp-json\/wp\/v2\/comments?post=401"}],"version-history":[{"count":12,"href":"https:\/\/nataliasalvador.es\/es\/wp-json\/wp\/v2\/jetpack-portfolio\/401\/revisions"}],"predecessor-version":[{"id":1983,"href":"https:\/\/nataliasalvador.es\/es\/wp-json\/wp\/v2\/jetpack-portfolio\/401\/revisions\/1983"}],"wp:featuredmedia":[{"embeddable":true,"href":"https:\/\/nataliasalvador.es\/es\/wp-json\/wp\/v2\/media\/422"}],"wp:attachment":[{"href":"https:\/\/nataliasalvador.es\/es\/wp-json\/wp\/v2\/media?parent=401"}],"wp:term":[{"taxonomy":"jetpack-portfolio-type","embeddable":true,"href":"https:\/\/nataliasalvador.es\/es\/wp-json\/wp\/v2\/jetpack-portfolio-type?post=401"},{"taxonomy":"jetpack-portfolio-tag","embeddable":true,"href":"https:\/\/nataliasalvador.es\/es\/wp-json\/wp\/v2\/jetpack-portfolio-tag?post=401"}],"curies":[{"name":"wp","href":"https:\/\/api.w.org\/{rel}","templated":true}]}}

<figure class="wp-block-image aligncenter size-large"><a href="http://nataliasalvador.es/wp-content/uploads/natalia-salvador-fantasma-novato.jpg"><img loading="lazy" decoding="async" width="683" height="1024" src="http://nataliasalvador.es/wp-content/uploads/natalia-salvador-fantasma-novato-683x1024.jpg" alt="" class="wp-image-422" srcset="https://nataliasalvador.es/wp-content/uploads/natalia-salvador-fantasma-novato-683x1024.jpg 683w, https://nataliasalvador.es/wp-content/uploads/natalia-salvador-fantasma-novato-600x900.jpg 600w, https://nataliasalvador.es/wp-content/uploads/natalia-salvador-fantasma-novato-200x300.jpg 200w, https://nataliasalvador.es/wp-content/uploads/natalia-salvador-fantasma-novato-100x150.jpg 100w, https://nataliasalvador.es/wp-content/uploads/natalia-salvador-fantasma-novato-768x1152.jpg 768w, https://nataliasalvador.es/wp-content/uploads/natalia-salvador-fantasma-novato-8x12.jpg 8w, https://nataliasalvador.es/wp-content/uploads/natalia-salvador-fantasma-novato.jpg 1000w" sizes="auto, (max-width: 683px) 100vw, 683px" /></a></figure>



<p>Esta es mi propia versión para la portada del libro titulado "El fantasma novato", de Manuel L. Alonso, publicado por Edelvives en su colección Ala Delta. Era uno de mis libros infantiles favoritos cuando era pequeña y crear mi propia versión me pareció una idea fascinante.</p>



<p>También hice algunas ilustraciones interiores en blanco y negro para este proyecto:</p>



<div class="wp-block-media-text alignwide has-media-on-the-right is-stacked-on-mobile is-vertically-aligned-center has-quaternary-background-color has-background"><div class="wp-block-media-text__content">
<div class="wp-block-group is-layout-flow wp-block-group-is-layout-flow" style="padding-top:2em;padding-right:2em;padding-bottom:2em;padding-left:2em">
<p style="line-height:1.2"><strong>— (...) ¡Un momento! Allí, en aquella pared — Señaló hacia el rincón más oscuro, en el que Gerardo no podía distinguir nada, y los dos se aproximaron intentando no interceptar la luz.”</strong></p>



<p class="has-small-font-size">– <em>“El fantasma novato”</em>, Manuel L. Alonso</p>
</div>
</div><figure class="wp-block-media-text__media"><img loading="lazy" decoding="async" width="683" height="1024" src="http://nataliasalvador.es/wp-content/uploads/natalia-salvador-neus-on-the-wall-683x1024.jpg" alt="Two characters look at the word “Neus” written on the wall of a room in ruins" class="wp-image-424 size-full" srcset="https://nataliasalvador.es/wp-content/uploads/natalia-salvador-neus-on-the-wall-683x1024.jpg 683w, https://nataliasalvador.es/wp-content/uploads/natalia-salvador-neus-on-the-wall-600x900.jpg 600w, https://nataliasalvador.es/wp-content/uploads/natalia-salvador-neus-on-the-wall-200x300.jpg 200w, https://nataliasalvador.es/wp-content/uploads/natalia-salvador-neus-on-the-wall-100x150.jpg 100w, https://nataliasalvador.es/wp-content/uploads/natalia-salvador-neus-on-the-wall-768x1152.jpg 768w, https://nataliasalvador.es/wp-content/uploads/natalia-salvador-neus-on-the-wall-8x12.jpg 8w, https://nataliasalvador.es/wp-content/uploads/natalia-salvador-neus-on-the-wall.jpg 1000w" sizes="auto, (max-width: 683px) 100vw, 683px" /></figure></div>



<div class="wp-block-media-text alignwide is-stacked-on-mobile is-vertically-aligned-center has-tertiary-background-color has-background"><figure class="wp-block-media-text__media"><img loading="lazy" decoding="async" width="683" height="1024" src="http://nataliasalvador.es/wp-content/uploads/natalia-salvador-kiss-final-lineart-web-683x1024.jpg" alt="Two children kissing by accident with their ghost friend behind" class="wp-image-426 size-full" srcset="https://nataliasalvador.es/wp-content/uploads/natalia-salvador-kiss-final-lineart-web-683x1024.jpg 683w, https://nataliasalvador.es/wp-content/uploads/natalia-salvador-kiss-final-lineart-web-600x900.jpg 600w, https://nataliasalvador.es/wp-content/uploads/natalia-salvador-kiss-final-lineart-web-200x300.jpg 200w, https://nataliasalvador.es/wp-content/uploads/natalia-salvador-kiss-final-lineart-web-100x150.jpg 100w, https://nataliasalvador.es/wp-content/uploads/natalia-salvador-kiss-final-lineart-web-768x1152.jpg 768w, https://nataliasalvador.es/wp-content/uploads/natalia-salvador-kiss-final-lineart-web-8x12.jpg 8w, https://nataliasalvador.es/wp-content/uploads/natalia-salvador-kiss-final-lineart-web.jpg 1000w" sizes="auto, (max-width: 683px) 100vw, 683px" /></figure><div class="wp-block-media-text__content">
<div class="wp-block-group is-layout-flow wp-block-group-is-layout-flow" style="padding-top:2em;padding-right:2em;padding-bottom:2em;padding-left:2em">
<p class="translation-block">— (...) Vamos, un beso pequeñito en la mejilla.<br />
Los dos amigos se dispusieron a cumplir el deseo de Gerardo. Y en el momento en que se aproximaron a él, se esfumó. Ellos no podían saberlo, y los labios de ambos se encontraron con el vacío. Gerardo sólo tuvo que darles un pequeñísimo empujoncito.</p>



<p class="has-small-font-size">– <em>“El fantasma novato”</em>, Manuel L. Alonso</p>
</div>
</div></div>



<div class="wp-block-media-text alignwide has-media-on-the-right is-stacked-on-mobile is-vertically-aligned-center has-quaternary-background-color has-background"><div class="wp-block-media-text__content">
<div class="wp-block-group is-layout-flow wp-block-group-is-layout-flow" style="padding-top:2em;padding-right:2em;padding-bottom:2em;padding-left:2em">
<p style="line-height:1.5"><strong>Todo sucedió demasiado rápido. Nieves llegó a la altura del escondite del hombre, él se incorporó de pronto, ella quiso frenar a la vez que giraba el manillar para dar la vuelta... y todo lo que consiguió fue caer a tierra.</strong></p>



<p class="has-small-font-size">– <em>“El fantasma novato”</em>, Manuel L. Alonso</p>
</div>
</div><figure class="wp-block-media-text__media"><img loading="lazy" decoding="async" width="683" height="1024" src="http://nataliasalvador.es/wp-content/uploads/natalia-salvador-bike-683x1024.jpg" alt="A girl who’s fallen from her bike looks scared at someone while her friend on the background looks worried" class="wp-image-418 size-full" srcset="https://nataliasalvador.es/wp-content/uploads/natalia-salvador-bike-683x1024.jpg 683w, https://nataliasalvador.es/wp-content/uploads/natalia-salvador-bike-600x900.jpg 600w, https://nataliasalvador.es/wp-content/uploads/natalia-salvador-bike-200x300.jpg 200w, https://nataliasalvador.es/wp-content/uploads/natalia-salvador-bike-100x150.jpg 100w, https://nataliasalvador.es/wp-content/uploads/natalia-salvador-bike-768x1152.jpg 768w, https://nataliasalvador.es/wp-content/uploads/natalia-salvador-bike-8x12.jpg 8w, https://nataliasalvador.es/wp-content/uploads/natalia-salvador-bike.jpg 1000w" sizes="auto, (max-width: 683px) 100vw, 683px" /></figure></div>



<figure class="wp-block-gallery alignwide has-nested-images columns-default is-cropped wp-block-gallery-1 is-layout-flex wp-block-gallery-is-layout-flex">
<figure class="wp-block-image size-large"><img decoding="async" data-id="1329" src="http://nataliasalvador.es/wp-content/uploads/natalia-salvador-fantasma-novato-book-mockup.jpg" alt="" class="wp-image-1329"/></figure>



<figure class="wp-block-image size-large"><img decoding="async" data-id="1330" src="http://nataliasalvador.es/wp-content/uploads/natalia-salvador-fantasma-beso-interior-mockup.jpg" alt="" class="wp-image-1330"/></figure>
</figure>
